{"id":964,"date":"2013-04-06T06:01:53","date_gmt":"2013-04-06T05:01:53","guid":{"rendered":"http:\/\/sebastianfrehmel.de\/blog\/?page_id=964"},"modified":"2013-04-05T14:36:10","modified_gmt":"2013-04-05T13:36:10","slug":"uebersicht-neuseeland","status":"publish","type":"page","link":"https:\/\/sebastianfrehmel.de\/blog\/?page_id=964","title":{"rendered":"\u00dcbersicht Neuseeland"},"content":{"rendered":"<p>Eine chronologische Reihenfolge der Blogeintr\u00e4ge \u00fcber Neuseeland:<\/p>\n<p>13.01. <a href=\"http:\/\/sebastianfrehmel.de\/blog\/?p=96\" title=\"Christchurch \u2013 meine neuseel\u00e4ndische Basis\" target=\"_blank\">Christchurch \u2013 meine neuseel\u00e4ndische Basis<\/a><br \/>\n15.01. <a href=\"http:\/\/sebastianfrehmel.de\/blog\/?p=121\" title=\"Die Reiseroute f\u00fcr die S\u00fcdinsel\" target=\"_blank\">Die Reiseroute f\u00fcr die S\u00fcdinsel<\/a><br \/>\n16.01. <a href=\"http:\/\/sebastianfrehmel.de\/blog\/?p=135\" title=\"Banks Peninsula\" target=\"_blank\">Banks Peninsula<\/a><br \/>\n17.01. <a href=\"http:\/\/sebastianfrehmel.de\/blog\/?p=139\" title=\"\u00dcber einsame T\u00e4ler ins Gebirge\" target=\"_blank\">\u00dcber einsame T\u00e4ler ins Gebirge<\/a><br \/>\n18.01. <a href=\"http:\/\/sebastianfrehmel.de\/blog\/?p=146\" title=\"Lake Tekapo\" target=\"_blank\">Lake Tekapo<\/a><br \/>\n19.01. <a href=\"http:\/\/sebastianfrehmel.de\/blog\/?p=194\" title=\"Mount Cook-Nationalpark\" target=\"_blank\">Mount Cook-Nationalpark<\/a><br \/>\n20.01. <a href=\"http:\/\/sebastianfrehmel.de\/blog\/?p=148\" title=\"Zur\u00fcck ans Meer \u2013 wundersch\u00f6ne Landschaftswechsel im Stundentakt\" target=\"_blank\">Zur\u00fcck ans Meer \u2013 wundersch\u00f6ne Landschaftswechsel im Stundentakt<\/a><br \/>\n20.01. <a href=\"http:\/\/sebastianfrehmel.de\/blog\/?p=150\" title=\"Moeraki: Boulders, Pinguine und Seel\u00f6wen\" target=\"_blank\">Moeraki: Boulders, Pinguine und Seel\u00f6wen<\/a><br \/>\n21.-22.01. <a href=\"http:\/\/sebastianfrehmel.de\/blog\/?p=152\" title=\"Otago mit dem Auto und mit dem Zug\" target=\"_blank\">Otago mit dem Auto und mit dem Zug<\/a><br \/>\n23.-24.01. <a href=\"http:\/\/sebastianfrehmel.de\/blog\/?p=154\" title=\"Das gr\u00fcne Nichts der Catlins\" target=\"_blank\">Das gr\u00fcne Nichts der Catlins<\/a><br \/>\n24.01. <a href=\"http:\/\/sebastianfrehmel.de\/blog\/?p=259\" title=\"Nonstop ins Fiordland\" target=\"_blank\">Nonstop ins Fiordland<\/a><br \/>\n25.-26.01. <a href=\"http:\/\/sebastianfrehmel.de\/blog\/?p=261\" title=\"Kajakfahren im Doubtful Sound \u2013 Ein Traum :-)\" target=\"_blank\">Kajakfahren im Doubtful Sound \u2013 Ein Traum \ud83d\ude42<\/a><br \/>\n27.-29.01. <a href=\"http:\/\/sebastianfrehmel.de\/blog\/?p=262\" title=\"Der Kepler Track\" target=\"_blank\">Der Kepler Track<\/a><br \/>\n31.01. <a href=\"http:\/\/sebastianfrehmel.de\/blog\/?p=263\" title=\"Milford Sound, die Pyramiden Neuseelands\" target=\"_blank\">Milford Sound, die Pyramiden Neuseelands<\/a><br \/>\n01.02. <a href=\"http:\/\/sebastianfrehmel.de\/blog\/?p=265\" title=\"Queenstown\" target=\"_blank\">Queenstown<\/a><br \/>\n02.02. <a href=\"http:\/\/sebastianfrehmel.de\/blog\/?p=266\" title=\"Der Mount Aspiring Nationalpark und Wanaka\" target=\"_blank\">Der Mount Aspiring Nationalpark und Wanaka<\/a><br \/>\n03.02. <a href=\"http:\/\/sebastianfrehmel.de\/blog\/?p=268\" title=\"Wild Wild West (Coast)\" target=\"_blank\">Wild Wild West (Coast)<\/a><br \/>\n04.02. <a href=\"http:\/\/sebastianfrehmel.de\/blog\/?p=633\" title=\"Lake Matheson und der Fox Glacier\" target=\"_blank\">Lake Matheson und der Fox Glacier<\/a><br \/>\n04.02. <a href=\"http:\/\/sebastianfrehmel.de\/blog\/?p=729\" title=\"Sonnige Westk\u00fcste \u2013 auf nach Norden\" target=\"_blank\">Sonnige Westk\u00fcste \u2013 auf nach Norden<\/a><br \/>\n05.-06.02. <a href=\"http:\/\/sebastianfrehmel.de\/blog\/?p=269\" title=\"Paparoa: Palmen, Punakaiki, Pancake Rocks\" target=\"_blank\">Paparoa: Palmen, Punakaiki, Pancake Rocks<\/a><br \/>\n07.02. <a href=\"http:\/\/sebastianfrehmel.de\/blog\/?p=272\" title=\"Von K\u00fcste zu K\u00fcste \u2013 \u00fcber den Arthur`s Pass nach Kaikoura\" target=\"_blank\">Von K\u00fcste zu K\u00fcste \u2013 \u00fcber den Arthur`s Pass nach Kaikoura<\/a><br \/>\n08.02. <a href=\"http:\/\/sebastianfrehmel.de\/blog\/?p=274\" title=\"Marlborough Sounds\" target=\"_blank\">Marlborough Sounds<\/a><br \/>\n09.-11.02. <a href=\"http:\/\/sebastianfrehmel.de\/blog\/?p=844\" title=\"Kaiteriteri und der Abel Tasman Nationalpark\" target=\"_blank\">Kaiteriteri und der Abel Tasman Nationalpark<\/a><br \/>\n12.02. <a href=\"http:\/\/sebastianfrehmel.de\/blog\/?p=846\" title=\"Auf zur Nordspitze\" target=\"_blank\">Auf zur Nordspitze<\/a><br \/>\n13.02. <a href=\"http:\/\/sebastianfrehmel.de\/blog\/?p=848\" title=\"Farewell, New Zealand\" target=\"_blank\">Farewell, New Zealand<\/a><\/p>\n","protected":false},"excerpt":{"rendered":"<p>Eine chronologische Reihenfolge der Blogeintr\u00e4ge \u00fcber Neuseeland: 13.01. Christchurch \u2013 meine neuseel\u00e4ndische Basis 15.01. Die Reiseroute f\u00fcr die S\u00fcdinsel 16.01. Banks Peninsula 17.01. \u00dcber einsame T\u00e4ler ins Gebirge 18.01. Lake Tekapo 19.01. Mount Cook-Nationalpark 20.01. Zur\u00fcck ans Meer \u2013 wundersch\u00f6ne &hellip; <a href=\"https:\/\/sebastianfrehmel.de\/blog\/?page_id=964\">Weiterlesen <span class=\"meta-nav\">&rarr;<\/span><\/a><\/p>\n","protected":false},"author":1,"featured_media":0,"parent":0,"menu_order":0,"comment_status":"open","ping_status":"open","template":"","meta":{"footnotes":""},"_links":{"self":[{"href":"https:\/\/sebastianfrehmel.de\/blog\/index.php?rest_route=\/wp\/v2\/pages\/964"}],"collection":[{"href":"https:\/\/sebastianfrehmel.de\/blog\/index.php?rest_route=\/wp\/v2\/pages"}],"about":[{"href":"https:\/\/sebastianfrehmel.de\/blog\/index.php?rest_route=\/wp\/v2\/types\/page"}],"author":[{"embeddable":true,"href":"https:\/\/sebastianfrehmel.de\/blog\/index.php?rest_route=\/wp\/v2\/users\/1"}],"replies":[{"embeddable":true,"href":"https:\/\/sebastianfrehmel.de\/blog\/index.php?rest_route=%2Fwp%2Fv2%2Fcomments&post=964"}],"version-history":[{"count":5,"href":"https:\/\/sebastianfrehmel.de\/blog\/index.php?rest_route=\/wp\/v2\/pages\/964\/revisions"}],"predecessor-version":[{"id":969,"href":"https:\/\/sebastianfrehmel.de\/blog\/index.php?rest_route=\/wp\/v2\/pages\/964\/revisions\/969"}],"wp:attachment":[{"href":"https:\/\/sebastianfrehmel.de\/blog\/index.php?rest_route=%2Fwp%2Fv2%2Fmedia&parent=964"}],"curies":[{"name":"wp","href":"https:\/\/api.w.org\/{rel}","templated":true}]}}